by (-1)/(-2)*-6 - q.
6
Suppose 12584 = 24*f + 2*f. What is the remainder when f is divided by 54?
52
Let s = -16 - -32. Suppose 0*d + 48 = -6*d. Calculate the remainder when s is divided by -5 + 6/2 - d.
4
Suppose 0 = -11*b + 155 + 230. Suppose 0 = -34*u + b*u - 5. What is the remainder when 16 is divided by u?
1
Suppose -3*n = 3*o - 1383, -2*o - 7*n + 2*n = -910. Suppose o = 10*m - 5*m. Calculate the remainder when m is divided by 12.
9
Suppose -2*m = n - 18, -4*n - 8 = -4*m + 4. Suppose 0 = -19*d + 4224 - 3863. What is the remainder when d is divided by m?
5
Let z(u) = 15*u**3 - 3*u**2 - 5*u + 5. What is the remainder when 316 is divided by z(2)?
7
Calculate the remainder when 137 is divided by 2 + ((-63)/(-12))/(6/80).
65
Let f(i) = 2*i**3 + 47*i**2 + 23*i + 41. What is the remainder when f(-23) is divided by 15?
11
What is the remainder when -43 + 40 - (-1024 + 1 + -2) is divided by 64?
62
Suppose -4*j = 8, 3*g - 858 = -g + 5*j. What is the remainder when g is divided by 70?
2
Let l = 193 + 1. Suppose 8*y - 294 - l = 0. What is the remainder when y is divided by 31?
30
Suppose -4*v + 9 + 5 = -2*x, 5*v + 2*x = 22. Suppose g - 28 = 5*n, v*n + 9 + 20 = 3*g. Calculate the remainder when 28 is divided by g.
1
Let s(q) = 2*q**2 - q - 3. Let l = 16 - 18. Calculate the remainder when 32 is divided by s(l).
4
Let l(b) = 5*b**2 + 3*b - 2. Let v = 4 - 2. Suppose v*i = 6*i - 52. Calculate the remainder when l(2) is divided by i.
11
Suppose 2*h - 315 = -3*h - r, -3*h - 5*r = -167. Suppose 0 = -4*k - 0*x + 4*x + h, 0 = 3*k + 4*x - 76. What is the remainder when k is divided by 13?
7
Let f = 100 + -99. What is the remainder when 19 is divided by (-20)/(-45)*6 + f/3?
1
Calculate the remainder when (53 - 56) + (-49)/(-2)*4 is divided by 18.
5
Suppose 4*s - 3*t = 100, -118 = -5*s - 3*t + 5*t. Let x be 2/(-6) + 58/(-6). Let j = -2 - x. Calculate the remainder when s is divided by j.
6
Let p(j) = 19*j**2 + 1. Let v = -39 - -32. Let t = 43 + v. What is the remainder when t is divided by p(1)?
16
Let k be 10/30 + 322/6. Let c(a) = -4*a - 7. What is the remainder when c(-4) is divided by 68/18 - (-12)/k?
1
Calculate the remainder when 1175 is divided by 10 + 5 + 2 + -6.
9
Suppose -4*h + 29 = 5*w, 0 = 11*h - 8*h + 3*w - 21. Let p = 9 - 19. Calculate the remainder when p/((-4)/6 - 0) is divided by h.
3
Let l(j) = 3*j**2 - 16*j - 6. Suppose 11*o = 14*o - 21. Calculate the remainder when o is divided by l(6).
1
Suppose -9*y = -y - 312. Let a = y + 20. What is the remainder when a is divided by 20?
19
Let z = -31 + 31. Suppose 0 = 5*l + 2*n - 64, z*n + 5*n = -2*l + 13. What is the remainder when (-3)/((2/(-46))/1) is divided by l?
13
Suppose -2*h + 126 = 4*j, -5*j = -5*h + 443 - 128. What is the remainder when h is divided by (-32)/3*(4 - 7)?
31
Let a(y) = y**2 + y - 1. Let c be a(-2). Let h = 13 + -9. Suppose -15 = -h*x + 4*d + 41, 0 = -d - c. Calculate the remainder when 37 is divided by x.
11
What is the remainder when 414 is divided by (-92 - -88) + (24 - -1)?
15
Let d be 2/4 + (-15)/(-6). Suppose 0 = 2*x + 5 + 3, 0 = -5*f + d*x + 22. What is the remainder when 27 is divided by f?
1
Suppose -4*u = -2*b - 16, 12 = 4*u + b - 4. Let y = 6 + u. Calculate the remainder when 17 is divided by y.
7
Suppose -43*g + 4863 + 1630 = 0. Calculate the remainder when g is divided by 17.
15
Suppose -3*w - 3*r + 8 = -r, 0 = 5*r - 20. Suppose w = -3*x + 77 + 88. Calculate the remainder when x is divided by 15.
10
Let d be 8/(-10)*(-5)/(-2). Suppose 0 = i - 2*i + 7. Calculate the remainder when i is divided by 0/1 + 6 + d.
3
Let n(w) = w + 16. Let s(h) = -12*h + 89. Calculate the remainder when n(4) is divided by s(7).
0
Suppose -z = c - 27, 0 = 3*z - 4*c + 31 - 105. Suppose -12 = -d - d. Let i = 1 + d. What is the remainder when z is divided by i?
5
Let x(t) = -23*t + 2. Suppose 3*p - 19 = 2*p. Calculate the remainder when x(-4) is divided by p.
18
Suppose -4 = -3*y - g, 0*y - g - 2 = -3*y. Let q = y - -1. Calculate the remainder when -15*(24/15 - q) is divided by 2.
0
Calculate the remainder when (-6)/10 - (-2136)/60 is divided by (-50)/(-15)*6/4.
0
Let o be (4 - 5) + 1/(-1). Let u be -1 - (0/o - 24). Suppose -h + u = 4. Calculate the remainder when h is divided by 7.
5
Let o be 3/((18/4)/(-3)). Let h = o - -13. Calculate the remainder when 19 is divided by h.
8
Let o = -95 + 214. Let l = 173 - o. Calculate the remainder when l is divided by 7.
5
Let u be 3 + 7/(-4) + (-6)/(-8). Suppose 6*k + u - 350 = 0. Calculate the remainder when k is divided by 15.
13
Let x(a) = a. Let u be (-3)/3*-2 + -1. Let d be x(u). Suppose -d + 9 = 4*w. Calculate the remainder when 2 is divided by w.
0
Suppose 28*r - 3341 - 5535 = 0. What is the remainder when r is divided by 53?
52
Suppose 4*x + 8 - 16 = 0. Let i = 32 + x. Let r = -7 + i. What is the remainder when 79 is divided by r?
25
Suppose -6 = -5*b + 19. Suppose 0 = 2*q - b*q - 12. What is the remainder when 15 is divided by (q/(-6))/((-1)/(-9))?
3
Let h = 50 - 46. Let b = 32 - h. What is the remainder when ((-106)/4)/(1/(-2)) is divided by b?
25
Suppose 8*b - 10*b - 2*q + 46 = 0, 3*b - 3*q - 75 = 0. What is the remainder when 85 is divided by b?
13
Suppose -38*j + 677 = -1185. Calculate the remainder when 682 is divided by j.
45
Let d = -62 + 101. Let n(o) = -10*o**3 + o**2 + 2*o + 1. What is the remainder when d is divided by n(-1)?
9
Let s(t) = 2*t - 1. Suppose 0 = -3*g + 4*i - 7, -2*g + 23 = -g + 5*i. What is the remainder when s(4) is divided by g?
1
Suppose 5*u + 2*p - 12 = 5*p, 0 = 2*p - 2. Suppose 0*l + 4*j + 224 = u*l, 0 = -3*l - 4*j + 184. Calculate the remainder when l is divided by 14.
12
Let k = 12 + -31. Let g(m) = m + 72. Let x be g(-28). Let p = x + k. What is the remainder when p is divided by 7?
4
Let v = -4 + 8. Suppose v*l = l + 102. Calculate the remainder when l is divided by 9.
7
Let j = -414 - -434. What is the remainder when 157 is divided by j?
17
Suppose 0 = -2*t - 4*p + 110, 5*t - 262 = p + 2*p. What is the remainder when t is divided by 29?
24
Let m(c) = -c**3 + 8*c**2 - 8*c + 9. Let y = 16 + -9. Let w be m(y). Suppose -4*u + 54 = -w*u. Calculate the remainder when 52 is divided by u.
25
Suppose 24*d + 126 = 10*d. Let i = d - -36. Calculate the remainder when i is divided by 4.
3
Suppose v + 2 = 2*v. Suppose -4*i + 12 = 0, -2*i = 3*q - 10 - 20. Calculate the remainder when (-182)/(-6) - v/(-3) is divided by q.
7
Let p(m) = -15*m + 129. What is the remainder when 97 is divided by p(6)?
19
Suppose 11*x - 14*x = -y + 4, -2*y = 4*x - 38. Calculate the remainder when 153 is divided by y.
10
Suppose -7*f = -8*f + 19. Calculate the remainder when 31 is divided by f.
12
Let b = -436 + 491. Calculate the remainder when b is divided by 29.
26
Let r(o) = 108*o**2 - 2*o + 1. Let p = -1343 - -1365. Calculate the remainder when r(1) is divided by p.
19
Let c(k) = -4*k**2 + 3*k + 1. Let b be c(-4). Let p = -17 - b. Calculate the remainder when p is divided by 16.
10
Let m(h) = h**2 - 11*h + 11. Let p be (21/(-6))/((-6)/12). Let q be m(p). Let f = q - -29. What is the remainder when 20 is divided by f?
8
Let w = -14 + 27. Suppose -2*c + 3*c + 13 = -4*k, 3*c - k = w. Calculate the remainder when 37 is divided by 1/(c - 152/52).
11
Suppose g - 9 = 20. Let a = g - 7. Calculate the remainder when 108 is divided by a.
20
Let c(z) be the second derivative of z**4/3 + z**3 + 4*z**2 + 12*z. Calculate the remainder when c(-3) is divided by 7.
5
Let u(v) = 4*v**2 + 2*v - 4. Let g = 48 + -46. Calculate the remainder when 93 is divided by u(g).
13
Let c(v) = 4*v - 7. Let g be (-26)/(-39) + 20/6. Calculate the remainder when 43 is divided by c(g).
7
Suppose 110*i = 115*i - 745. What is the remainder when i is divided by 55?
39
Let r(m) be the first derivative of m**4/4 - m**3/3 - m**2/2 - 1. Let b be r(2). Suppose 0 = -x - b*x + 27. What is the remainder when 34 is divided by x?
7
Suppose v - 2 - 3 = 5*n, -n = -2*v + 1. What is the remainder when 86 is divided by n/((-215)/(-110) + -2)?
20
What is the remainder when 5/(-35) + (-330)/(-7) is divided by 9 + 3 + -1 + -1?
7
Suppose 3 = d - 8. Suppose a = 3*u - 0 - 6, -2*a + 5*u = d. What is the remainder when (15/4)/(a/(-8)) is divided by 4?
2
Let y(c) = 4*c**3 + c**2 - 2*c + 2. Let z be y(1). 